 tens digit of n?
4
Let n = -15 + 13. What is the units digit of 5/n*(0 - (-334)/(-5))?
7
Let j = 289 + 511. What is the tens digit of j?
0
Suppose -m - 35 = -6*m. Suppose m*r - r - 30 = 0. Suppose 4*w - 93 = -r. What is the tens digit of w?
2
What is the hundreds digit of ((-1193)/4)/((-22)/88)?
1
Let p(g) be the second derivative of -2*g**3/3 - 9*g**2/2 + 7*g. What is the tens digit of p(-13)?
4
Let g = -545 + 1586. What is the hundreds digit of g?
0
Let i be (-160)/28 - 4/14. Let o = 9 + i. Suppose 2*h - 31 = -o*t - 6, -t - 32 = -3*h. What is the tens digit of h?
1
What is the tens digit of (-2185)/(-3) - -1 - 2/(-3)?
3
What is the tens digit of -147*2*(-4)/12?
9
Suppose 0*c - w = -5*c + 7629, -2*c - w = -3046. What is the units digit of c?
5
Suppose -489 = -5*i - 2*r, -2*i + 86 + 106 = 2*r. Suppose 5*v - c = 2*c + i, -4*v - 3*c + 63 = 0. What is the units digit of v?
8
Let r(g) = 3*g - 5. Let c be r(1). What is the units digit of c/(-4) - (-13)/2?
7
Suppose j = 2*k - 13, 0*j - j = 5*k - 29. Let h = -6 + k. What is the tens digit of h + 1 + (4 - -5)?
1
Suppose -18 = -3*s - y, 5*s = 3*s - 5*y - 1. Let f(q) = -16*q - s*q - 1 - q - 2*q. What is the units digit of f(-1)?
5
Let u(b) = -b**2 - 9*b + 5. Let c(k) = -k**2 - 9*k + 6. Let g(y) = -4*c(y) + 5*u(y). Suppose 2*l + 0 = -14. What is the tens digit of g(l)?
1
Let r = 22 - 7. What is the units digit of (-9)/r*(5 + -160)?
3
Let l(s) = s**3 - 30*s**2 + 36*s - 54. Let b be l(29). Suppose -z = 3*d - 2*d - 49, 0 = 3*z + 5*d - b. What is the tens digit of z?
4
Suppose -4*f - 3*n - 1978 = -6*f, 0 = 3*f + 4*n - 2967. What is the hundreds digit of f?
9
Let w = 33 + -30. Suppose -g + 4*g - 135 = -w*m, -5*m + 4*g = -234. Let o = m + 11. What is the tens digit of o?
5
Suppose 16*s = 12*s. Suppose p = -s*p. Suppose p = -4*y - 0*y + 260. What is the units digit of y?
5
Suppose 3*j - 4*x - 1777 = 0, -5*x - 1149 - 24 = -2*j. What is the tens digit of j?
9
Let w = -228 + 284. What is the units digit of w?
6
Let g be -3*((-120)/9)/(-4). What is the tens digit of (-4)/5 - 908/g?
9
Suppose 16*f - 19250 = -6*f. What is the units digit of f?
5
Let k = 71 + -36. What is the tens digit of 7/(k/10)*33?
6
Let i = 454 + -369. What is the units digit of i?
5
Let s be (0 + 1)/((-2)/(-10)). Suppose 4*l + 5*m = l + 171, 0 = -l - 3*m + 57. Suppose s*z - 187 = -l. What is the tens digit of z?
2
Let l(d) = -3*d**2 + 1 - 3*d**3 + d**3 + 0*d**3 - 3*d. Let n be 36/9*-2*6/16. What is the units digit of l(n)?
7
Suppose 0 = -2*g + 6. Suppose g*a = -2*m, 0*m + 4*m - 2*a - 16 = 0. Suppose 2 = m*h - 4. What is the units digit of h?
2
What is the tens digit of (1/(-2))/(3/(-2742))?
5
Let b = -500 - -1024. What is the tens digit of b?
2
Suppose -168 = 2*q - 2*m, 3*q + m = -q - 326. Let x = -29 - q. What is the tens digit of x?
5
Let y = 20 + -14. Let r(q) = q**3 - 3*q**2 - 8*q + 1. What is the units digit of r(y)?
1
Let y be (-3 - (-267 - 1)) + -3. Suppose -4*p + y = -322. What is the units digit of p?
6
What is the units digit of ((-3116)/(-8) - (-1 + -5))*4?
2
Let d(l) = 18*l**2 + 10. What is the hundreds digit of d(-3)?
1
Let t(i) = 6*i + 10. Let j be t(2). Let f = 5 + -2. Suppose 149 + j = f*q. What is the units digit of q?
7
Suppose 0 = 2*j - 5*q + 934, 441 = -j - 2*q - 2*q. Let b = 695 + j. What is the hundreds digit of b?
2
Suppose 5*q = -u + 18, -3*u + u = -3*q + 3. Suppose u*w = -12 - 0. What is the units digit of (w - -12)*(-10)/(-8)?
0
Suppose y - w = 285 - 29, -3*y + 780 = 3*w. What is the tens digit of y?
5
Suppose 1667 = 2*g + 5*k, 2*k + 3298 = 6*g - 2*g. What is the units digit of g?
6
What is the tens digit of (-3)/(6/45 + (-124)/900)?
7
Let k = -55 + 106. Suppose 50*j + 23 = k*j. What is the tens digit of j?
2
Suppose -65*z + 84760 - 10140 = 0. What is the units digit of z?
8
Let v(n) = -n + 1. Let j(x) = 9*x - 16. Suppose -3*u = -0 - 9. Let q(r) = u*v(r) + j(r). What is the tens digit of q(6)?
2
Let t(i) = -2*i**3 - 2*i**2 + 6*i - 1. Let b be t(-3). Suppose 0 = 14*j - b*j + 108. What is the units digit of j?
6
Let b = 860 - 491. What is the hundreds digit of b?
3
Let x(m) = 2*m + 2. Let v = 0 - 0. Suppose 0*f - 5*f = v. What is the units digit of x(f)?
2
Suppose -3*p = -5*p + 4. Suppose 5*r + 4*l - 219 = 0, 4*r - l - 220 = -28. Suppose -4*t = 5*q - 101, -r = -t - p*t + 2*q. What is the tens digit of t?
1
Suppose -4*a + 3*a + 5 = 0. Suppose 0 = 4*o + a*l - 38, 14 + 5 = 3*o - l. Let w(s) = s**3 - 7*s**2 + 7*s - 9. What is the tens digit of w(o)?
4
Let g be (-10)/(-6) + 19/57. What is the units digit of ((-2)/(-3))/(g/111)?
7
Let d(u) = -1 + 36*u + 25*u + 0*u - u. What is the tens digit of d(2)?
1
Let x be 200/75*(1 - (-1)/2). Suppose -x*o + 491 = 5*a, 5*a + 0*a - 455 = 5*o. What is the units digit of a?
5
Suppose i - 5 = -j + 3*i, 0 = -3*j + 5*i + 14. Suppose w - j = 2. Suppose -2*t = y - 8, 4*t + w*y - 1 = 3. What is the units digit of t?
6
Let p = -58 + -17. Let x = 121 + p. What is the units digit of x?
6
Let t(g) = -8*g**2 - g + 21. Let y(j) = -7*j**2 - 2*j + 20. Let q(b) = 6*t(b) - 7*y(b). Let a be q(-10). Suppose s + 130 = a*s. What is the tens digit of s?
2
Let c = -30 + 48. Suppose 6*h = 8*h - c. What is the units digit of h?
9
Suppose 1634 = -7*t + 8*t. What is the hundreds digit of t?
6
Let v(b) = -b**2 - 51*b - 267. What is the tens digit of v(-30)?
6
Suppose -2*k = -2*l - 4, -2*k - 32 = 5*l - l. Let n be l/20*2*-5. Suppose -13 = -4*f - 3*t, -3*f = -0*f - n*t - 15. What is the units digit of f?
4
Suppose -35 - 25 = -2*k. Suppose -k = -2*r - 4. What is the units digit of r?
3
Suppose -3*u + w + 7 = 3*w, -15 = -3*w. What is the tens digit of (-566)/(-6) - u/(-3)?
9
Let g(k) = -2*k**2 + k + 10. Let i be g(0). Suppose 424 = i*d - 546. What is the units digit of d?
7
Suppose 0 = 5*u - 4*y - 4586, 0*y - y - 1835 = -2*u. What is the tens digit of u?
1
Suppose 0 = 5*j + 49 - 824. Suppose 25 + j = 5*v. What is the units digit of v?
6
Suppose -66*k + 8192 = -9562. What is the units digit of k?
9
Let n(u) = 10*u**2 - 6*u + 59. What is the tens digit of n(8)?
5
Let p(s) = s**3 + 12*s**2 - 36*s + 4. What is the units digit of p(8)?
6
Suppose -44 = 7*g + 47. Let y(a) = 5*a**2 + 11*a + a - 4*a**2 + 11. What is the units digit of y(g)?
4
What is the thousands digit of 46377/15 + 3 + (-96)/120?
3
Suppose 3*y - 3*l - 11991 = 0, -34*y = -38*y - 4*l + 15972. What is the thousands digit of y?
3
Let p(l) = l**3 - 11*l**2 + 2*l - 16. Let q be p(11). Suppose 2*i = -96 - q. Let c = i + 90. What is the tens digit of c?
3
Suppose 23 = 6*x - 1. Suppose 5 = 5*n, -2*n + 45 = x*l - n. Suppose -l = -v + u, -5*v - 3*u + 78 = -17. What is the units digit of v?
6
Let a be (-81)/(-12) - (-3)/(-4). Suppose 2*n + a = 4*j, -n - 3 = 2*j - 4. Suppose -2*r + j = -r, 5*l + r = 151. What is the tens digit of l?
3
Suppose 7*o = 2148 + 785. What is the hundreds digit of o?
4
Let u(f) = 91*f**2 + 29*f + 53. What is the tens digit of u(-2)?
5
Suppose -11*r + 9*r + 1086 = 0. Suppose -5*t + 5*i = -r - 57, t - 2*i = 120. What is the units digit of t?
0
Let l(r) = 143*r - 104. What is the units digit of l(12)?
2
Let q be 25*1 - (0/5)/2. Let l(z) = 2*z + 10. What is the units digit of l(q)?
0
Suppose 2*l + 4*p + 8 = 0, p + 3 = -l - 0. Let c be -6*(l - (1 - 1)). What is the tens digit of c/18 - 100/(-3)?
3
Suppose -5*s = -5*n - 30, 4*s = -s + 4*n + 32. Let m(p) = p**2 - 2*p - 7. What is the units digit of m(s)?
1
Let a be 40/(-18) - 10/(-45). What is the tens digit of 118/(a/2 - -1*3)?
5
Suppose -3*x = -4*t - 19, -4*x = -t - 5 - 16. Let a(s) = 2*s + 6. Let r(l) = l - 1. Let v(z) = a(z) - 3*r(z). What is the units digit of v(x)?
4
Suppose i = -0 + 7. Suppose 0 = i*u - 2*u - 185. Suppose v - u = p, -2*v - 41 = -3*v + 2*p. What is the tens digit of v?
3
Let i = 26 + -9. Let t = -16 + i. What is the units digit of t?
1
Let k be (254/(-3))/((-22)/99). Let j = k + -248. Suppose 5*f = -2*f + j. What is the tens digit of f?
1
Suppose 343*f = 362*f - 57. Let n(a) = -6*a**3 + 4*a**2 + a - 1. Let l(u) = 7*u**3 - 4*u**2 - u + 1. Let m(i) = 5*l(i) + 6*n(i). What is the tens digit of m(f)?
1
Suppose -2*u = -4*u + 88. Suppose 5*p - u = -4*q + 8, -3*q - 18 = -p. Suppose -a = -p - 3. What is the tens digit of a?
1
Let h(n) = n**3 + 2*n**2 + 7*n + 6. Let j be h(-3). Let x = j